base 7, what is 201 - 32526?
-32325
In base 15, what is -7 - -6374?
636c
In base 16, what is 12 + -a05?
-9f3
In base 14, what is -d3a - 5?
-d41
In base 8, what is -16711 + -1253?
-20164
In base 13, what is -61 - -2159?
20c8
In base 3, what is 1002 - -21200?
22202
In base 13, what is -2b4671 + 1?
-2b4670
In base 6, what is -2 + 15030?
15024
In base 6, what is -1 - -132112?
132111
In base 16, what is 6 - -7b4a?
7b50
In base 8, what is -7 + -5436?
-5445
In base 4, what is -122023 + 1011?
-121012
In base 7, what is 513401 - -4?
513405
In base 4, what is 2211 + 1032?
3303
In base 13, what is -6b - 30a?
-378
In base 10, what is -25278 + 1?
-25277
In base 4, what is 2122010 - -333?
2123003
In base 13, what is 5 + 64?
69
In base 7, what is -1 + -452446?
-452450
In base 2, what is 101000000110010 - 1110?
101000000100100
In base 12, what is -20 - -b8b?
b6b
In base 15, what is 3 - -3ec2?
3ec5
In base 14, what is 16 - -139?
151
In base 5, what is 203 - -401242?
402000
In base 3, what is -12 + -222221011?
-222221100
In base 11, what is 9991 + 0?
9991
In base 8, what is -5 + -17514?
-17521
In base 13, what is 4 + 45985?
45989
In base 5, what is 11020114 - -24?
11020143
In base 13, what is -481 - 6c?
-520
In base 5, what is -1040 - 1100?
-2140
In base 5, what is 3 + -4132331?
-4132323
In base 3, what is -1020 + 1111100?
1110010
In base 9, what is 5 - 55570?
-55564
In base 14, what is 8b + -2767?
-26ba
In base 14, what is -999 + -5aa?
-1165
In base 13, what is -786a - 0?
-786a
In base 5, what is -340143 + 2?
-340141
In base 5, what is 110010412 + -2?
110010410
In base 8, what is 44 + -1642?
-1576
In base 13, what is 129209 + 3?
12920c
In base 3, what is 1011101 - 11111222?
-10100121
In base 16, what is 42 - 159a?
-1558
In base 14, what is -295ab - 6?
-295b3
In base 15, what is -24 + -10e0?
-1114
In base 4, what is 332300 - 1320?
330320
In base 15, what is 9c8 + -1ed?
7ca
In base 15, what is 38 - -70?
a8
In base 16, what is -4459d - 5?
-445a2
In base 6, what is -1 + 2421424?
2421423
In base 13, what is 2 + -3a34?
-3a32
In base 13, what is -112794 + -1?
-112795
In base 4, what is 11221130 - -11?
11221201
In base 5, what is 33 - -24424?
30012
In base 5, what is -210 + 342012?
341302
In base 3, what is -122 - 11221002?
-11221201
In base 15, what is -4a6c + -44?
-4ab1
In base 4, what is 2 + -201230000?
-201223332
In base 16, what is -459 + -876?
-ccf
In base 4, what is -3322032 - -102?
-3321330
In base 10, what is -73 - 4444?
-4517
In base 3, what is -100 + 1101002112?
1101002012
In base 4, what is 1103113 + -10?
1103103
In base 5, what is -301 - -220213?
214412
In base 8, what is -3054754 - 3?
-3054757
In base 6, what is -235104 - -13?
-235051
In base 12, what is -1b50060 - -4?
-1b50058
In base 6, what is -43 - 22302?
-22345
In base 12, what is -2 - -38769?
38767
In base 16, what is -2 - -c837?
c835
In base 4, what is -1212323 + 2?
-1212321
In base 7, what is 5104 + -1241?
3533
In base 13, what is 48b + -364?
127
In base 2, what is 1110111 + 1101101?
11100100
In base 8, what is 10 - 1272512?
-1272502
In base 10, what is 4 + -6087?
-6083
In base 2, what is 10010001100011 + -110?
10010001011101
In base 12, what is 2 - 5b2?
-5b0
In base 10, what is -343 - -240?
-103
In base 9, what is 15 + 128185?
128211
In base 11, what is 4 - -40a77?
40a80
In base 14, what is 17 - -1451?
1468
In base 2, what is -1100110 - -100110111101?
100101010111
In base 9, what is -1061 + 3?
-1057
In base 8, what is 2 + 1614141?
1614143
In base 16, what is 42e + -41f?
f
In base 15, what is c - -9c?
a9
In base 13, what is 1c841 - -2?
1c843
In base 12, what is 58 - 4232?
-4196
In base 14, what is 3c1 - -198?
579
In base 10, what is 67 + 139?
206
In base 14, what is 29 + 6034?
605d
In base 6, what is -5 - -3400?
3351
In base 14, what is -b35 - 1c3?
-d18
In base 6, what is -4 + 240003?
235555
In base 2, what is 101001101 - -1101011?
110111000
In base 4, what is -2132230 - 1203?
-2200033
In base 13, what is 25 - b20?
-ac8
In base 8, what is 10426 + 5?
10433
In base 12, what is 6200b5 - 4?
6200b1
In base 14, what is 12529 - -17?
12542
In base 5, what is -120 + 414232?
414112
In base 10, what is 5982 + -76?
5906
In base 13, what is 1bc + -398?
-1a9
In base 15, what is 4 + 36c86?
36c8a
In base 15, what is -7 + 2d560?
2d558
In base 9, what is 1280 + 116?
1406
In base 6, what is -4 + -21414?
-21422
In base 4, what is -10030221 - -101?
-10030120
In base 3, what is -210001 - 10100010?
-11010011
In base 11, what is -3 - 14085?
-14088
In base 9, what is 5 + -210014?
-210008
In base 3, what is 1120111122 + -10?
1120111112
In base 14, what is -d33 - -14?
-d1d
In base 16, what is 41da + 15?
41ef
In base 12, what is 2a - a74?
-a46
In base 10, what is -274 - 13662?
-13936
In base 7, what is -4 - 13603?
-13610
In base 15, what is 72142a - -1?
72142b
In base 6, what is -223 + 45153?
44530
In base 7, what is -5 + -231506?
-231514
In base 7, what is 0 + 451616?
451616
In base 10, what is 3 + -3609?
-3606
In base 5, what is -4342042 + 43?
-4341444
In base 16, what is 4b + d0?
11b
In base 16, what is aed8 - 3?
aed5
In base 9, what is 1867744 + -5?
1867738
In base 4, what is 22101130 + -1021?
22100103
In base 6, what is -10302 - -114?
-10144
In base 6, what is -24134545 + -10?
-24134555
In base 4, what is 21233120 - 2?
21233112
In base 16, what is -19 + a0?
87
In base 6, what is 5 + 2433550?
2433555
In base 12, what is -15 - -20?
7
In base 4, what is -102 - -1121220?
1121112
In base 3, what is 101 + -10212001120?
-10212001012
In base 7, what is 2 + -252630?
-252625
In base 16, what is -2f5e8 + 1?
-2f5e7
In base 13, what is -5c1 + -8a7?
-1198
In base 13, what is 58bba - -3?
58bc0
In base 15, what is 71 - -1064?
10d5
In base 11, what is 17 - 3a75?
-3a59
In base 11, what is a + -a0503?
-a04a4
In base 13, what is -75478 - -2?
-75476
In base 14, what is 1d2ccc + 4?
1d2cd2
In base 7, what is 126 + -6433?
-6304
In base 8, what is 0 + 66100?
66100
In base 2, what is -1 + -11001100000?
-11001100001
In base 8, what is -1306 - -1?
-1305
In base 16, what is -2a + 1e0f8?
1e0ce
In base 3, what is 220 - -1220200002?
1220200222
In base 3, what is 10221 - 10212?
2
In base 2, what is -11 + -101011111010101010100?
-101011111010101010111
In base 12, what is -2 - b701?
-b703
In base 3, what is -120 - -102011102?
102010212
In base 13, what is 9 + 18bc?
18c8
In base 13, what is 44465 + -3?
44462
In base 12, what is 2 + -31365?
-31363
In base 4, what is 2102313 + 1311?
2110230
In base 11, what is aa - 655?
-556
In base 11, what is 55 + -201?
-157
In base 13, what is -6 + 81402?
813c9
In base 10, what is -8 + 46173?
46165
In base 16, what is aa4 - 5a7?
4fd
In base 13, what is -106407 - -8?
-1063cc
In base 6, what is -42 + -1003?
-1045
In base 6, what is -11132 + 2304?
-4424
In base 14, what is -1 - 80b2?
-80b3
In base 16, what is -4 + 8287?
8283
In base 14, what is 3a - 104b1?
-10475
In base 16, what is -4c3899 - -3?
-4c3896
In base 10, what is 14 + 65386?
65400
In base 8, what is -3 - 701426?
-701431
In base 14, what is 380 - -19?
399
In base 3, what is 1002 - -22000201?
22001210
In base 2, what is -101000001110100 + -1100?
-101000010000000
In base 10, what is -1785 - -38?
-1747
In base 13, what is -7 + -38724?
-3872b
In base 14, what is 7c + 26?
a4
In base 6, what is -42511 + 0?
-42511
In base 12, what is -8 + -5671?
-5679
In base 13, what is -259a83 - -4?
-259a7c
In base 4, what is -3 - 12303332?
-12310001
In base 10, what is -233 - -268?
35
In base 11, what is 2693 - 5?
2689
In base 5, what is 2 - -11234332?
11234334
In base 7, what is -15415 - -1131?
-14254
In base 6, what is -123230 + 15?
-123211
In base 4, what is -10 + -233302013?
-233302023
In base 12, what is 190 + -9b68?
-9998
In base 11, what is 179538 + 4?
179541
In base 3, what is 211001 - 10222?
200002
In base 15, what is 58c + 159?
6e6
In base 5, what is -123 - -1010403?
1010230
In base 11, what is 27a79 - 1?
27a78
In base 16, what is -1059 + -1?
-105a
In base 16, what is -278c8 - -24?
-278a4
In base 2, what is -110110011 + 100010110?
-10011101
In base 13, what is -c958 + 0?
-c958
In base 2, what is -11001001001100 - 111110?
-11001010001010
In base 11, what is -4513 - 2?
-4515
In base 11, what is 3304 - 3?
3301
In base 13, what is -7 - 593?
-59a
In base 9, what is 1111057 